{"id":674,"date":"2010-12-06T17:19:40","date_gmt":"2010-12-06T17:19:40","guid":{"rendered":"http:\/\/www.bildanagramme.de\/blog\/cms\/?page_id=674"},"modified":"2026-01-25T14:13:43","modified_gmt":"2026-01-25T14:13:43","slug":"impressum","status":"publish","type":"page","link":"http:\/\/www.kuwilabor.de\/?page_id=674","title":{"rendered":""},"content":{"rendered":"<p><span style=\"color: #000000;\">contact: KUWI Labor (Kunst- und Wissenschaftslabor)<\/span><\/p>\n<p><span style=\"color: #000000;\">heiko h\u00f6fer, <\/span><span style=\"color: #000000;\">contact@kuwilabor.de<\/span><\/p>\n<p><span style=\"color: #000000;\"><span style=\"color: #ffffff;\">&#8230;.<\/span><br \/>\n<\/span><\/p>\n<table style=\"height: 349px;\" border=\"0\" width=\"606\" cellspacing=\"0\" cellpadding=\"0\">\n<tbody>\n<tr>\n<td rowspan=\"2\"><\/td>\n<td colspan=\"3\" rowspan=\"2\" align=\"left\" valign=\"top\">\n<table style=\"height: 340px;\" border=\"0\" width=\"551\" cellspacing=\"0\" cellpadding=\"0\">\n<tbody>\n<tr>\n<td><\/td>\n<\/tr>\n<tr>\n<td>Trotz sorgf\u00e4ltiger inhaltlicher Kontrolle \u00fcbernehmen wir keine Haftung f\u00fcr die Inhalte externer Links auf unserer Homepage. F\u00fcr den Inhalt der verlinkten Seiten sind ausschlie\u00dflich deren Betreiber verantwortlich.<\/p>\n<p>Die Ver\u00f6ffentlichungen auf diesen Seiten unterliegen dem deutschen Urheberrecht. Die Vervielf\u00e4ltigung, Bearbeitung, Verbreitung und jede Art der Verwertung au\u00dferhalb der Grenzen des Urheberrechtes bed\u00fcrfen der schriftlichen Zustimmung des jeweiligen Verfassers.<\/td>\n<\/tr>\n<\/tbody>\n<\/table>\n<\/td>\n<\/tr>\n<\/tbody>\n<\/table>\n<p><span style=\"color: #000000;\">Heiko H\u00f6fer\u00a0 2009-2026<\/span><\/p>\n<p><span style=\"color: #000000;\">Alexander Nickl\u00a0 2009-2011<br \/>\n<\/span><\/p>\n","protected":false},"excerpt":{"rendered":"<p>contact: KUWI Labor (Kunst- und Wissenschaftslabor) heiko h\u00f6fer, contact@kuwilabor.de &#8230;. Trotz sorgf\u00e4ltiger inhaltlicher Kontrolle \u00fcbernehmen wir keine Haftung f\u00fcr die Inhalte externer Links auf unserer Homepage. F\u00fcr den Inhalt der verlinkten Seiten sind ausschlie\u00dflich deren Betreiber verantwortlich. Die Ver\u00f6ffentlichungen auf &hellip; <a href=\"http:\/\/www.kuwilabor.de\/?page_id=674\">Weiterlesen <span class=\"meta-nav\">&rarr;<\/span><\/a><\/p>\n","protected":false},"author":1,"featured_media":2483,"parent":0,"menu_order":0,"comment_status":"closed","ping_status":"closed","template":"","meta":{"footnotes":""},"class_list":["post-674","page","type-page","status-publish","has-post-thumbnail","hentry"],"_links":{"self":[{"href":"http:\/\/www.kuwilabor.de\/index.php?rest_route=\/wp\/v2\/pages\/674","targetHints":{"allow":["GET"]}}],"collection":[{"href":"http:\/\/www.kuwilabor.de\/index.php?rest_route=\/wp\/v2\/pages"}],"about":[{"href":"http:\/\/www.kuwilabor.de\/index.php?rest_route=\/wp\/v2\/types\/page"}],"author":[{"embeddable":true,"href":"http:\/\/www.kuwilabor.de\/index.php?rest_route=\/wp\/v2\/users\/1"}],"replies":[{"embeddable":true,"href":"http:\/\/www.kuwilabor.de\/index.php?rest_route=%2Fwp%2Fv2%2Fcomments&post=674"}],"version-history":[{"count":74,"href":"http:\/\/www.kuwilabor.de\/index.php?rest_route=\/wp\/v2\/pages\/674\/revisions"}],"predecessor-version":[{"id":4208,"href":"http:\/\/www.kuwilabor.de\/index.php?rest_route=\/wp\/v2\/pages\/674\/revisions\/4208"}],"wp:featuredmedia":[{"embeddable":true,"href":"http:\/\/www.kuwilabor.de\/index.php?rest_route=\/wp\/v2\/media\/2483"}],"wp:attachment":[{"href":"http:\/\/www.kuwilabor.de\/index.php?rest_route=%2Fwp%2Fv2%2Fmedia&parent=674"}],"curies":[{"name":"wp","href":"https:\/\/api.w.org\/{rel}","templated":true}]}}